Let a(u) = -u + 2. Let j(o) = o**2 - 7*o + 2. Let g be j(7). Let m be a(g). What are the prime factors of -1 + (2 - m) + 6?
7
Suppose 3*c + 3*x - 114 = 78, c = 5*x + 76. What are the prime factors of c?
2, 3, 11
Let q(l) = -5*l - 60. What are the prime factors of q(-15)?
3, 5
Let v(a) = a**2 - a - 1. Let p be v(4). Let d = p - 3. Let m = -5 + d. List the prime factors of m.
3
Suppose 0 = -4*h + 4*t + 4, -2*h + 29 = 3*h + t. Suppose 3*v + h*a - 121 = 6*a, 3*v - 125 = 5*a. List the prime factors of v.
2, 5
Let k(s) be the first derivative of s**4/4 + 5*s**3/3 - 4*s + 1. List the prime factors of k(-4).
2, 3
Let t = -13 + 21. Suppose -8*z = -4*z - t. What are the prime factors of (z - 0)*7/2?
7
Let f(r) = -r**3 - 4*r**2 + 10*r + 15. What are the prime factors of f(-6)?
3
Let b be (-96)/3 - -2*1. Let t = -33 - -77. Let d = t + b. List the prime factors of d.
2, 7
Let z(a) = 3*a**2 - 2*a. Let y = -6 + 4. List the prime factors of z(y).
2
Suppose 0 = -3*z + 3*r + 86 - 8, -r = -3*z + 72. Suppose 5 = -5*j, -4*p - 8 = 5*j - z. List the prime factors of p.
5
Let i(u) = 6*u**2 - 6*u - 7. Let d(l) = 7*l**2 - 7*l - 6. Let j(y) = 5*d(y) - 6*i(y). List the prime factors of j(0).
2, 3
Suppose -i = -6*i - 45. Let z(h) = h**3 + 10*h**2 + 9*h + 2. Let y be z(i). List the prime factors of 40/7 - y/(-7).
2, 3
Suppose -2 = -2*d + 4. Suppose -2*u = -4*x - 12, 2*u + d*x + 9 = -2*u. List the prime factors of (u - -1)/(4/8).
2
Suppose c - 6*c = -855. Suppose 0 = 3*w + 3*g - 6 - c, -4*g - 220 = -4*w. List the prime factors of w.
3, 19
Let z = -11 + 36. Let a = z + 23. List the prime factors of a.
2, 3
Suppose -2*b - 3*y = -7, y = -4*b - 12 + 31. Suppose -b*m + 3*l = 2*l - 72, -2*l = -m + 9. List the prime factors of m.
3, 5
Let f = -2 - 4. Suppose -4*v + 52 = 7*k - 2*k, 0 = -v + 4*k + 34. Let o = f + v. What are the prime factors of o?
2, 3
Let d be 5*4/(-60)*-3. What are the prime factors of d - -4 - 0/(-2)?
5
Suppose 16*x - 35 = 11*x. What are the prime factors of x?
7
Let t be (12/16)/(3/8). What are the prime factors of 30 + 2 + t + -2?
2
Let h(l) = l**2 + 8*l + 4. Let b be h(-6). What are the prime factors of 236/16 + (-2)/b?
3, 5
Let c(u) = u - 2. Suppose 5 = -k + 2*k. Let r be c(k). Suppose 20 = 5*j - r*j. What are the prime factors of j?
2, 5
Let v = -22 + 39. Let s = -2 + v. What are the prime factors of s?
3, 5
Suppose 0 = -g - 3*g. Suppose -4*x = 4*c - 8, g = -4*x + 2*c - 4 - 0. Suppose -4*p + x = -40. What are the prime factors of p?
2, 5
Let n = 68 + -44. List the prime factors of n.
2, 3
Let c = 21 - -8. List the prime factors of c.
29
Let v = 90 - -20. List the prime factors of v.
2, 5, 11
Suppose -5*i = -7*i - 12. Let n = 3 + i. Let c = 0 - n. What are the prime factors of c?
3
Suppose 2*q + 10 = 3*h - 2*h, 5*h = 5*q + 35. Suppose -h*d - d + 2*z + 37 = 0, 0 = 3*d + z - 20. List the prime factors of d.
7
Suppose -q + 4 = -0, -5*m - 2*q = -33. Suppose 10*v + 14 = 2*s + m*v, -5*s - 3*v = -4. Suppose 33 = x + 5*c, 2*x - c - 27 = -s*x. List the prime factors of x.
2
Suppose 46 = 4*n - 6. Suppose 3*d - 2*g - 16 = 0, -5*g + n - 2 = d. Suppose 2*y = -h + 2 + d, 32 = 4*h - 5*y. What are the prime factors of h?
2
Suppose q = 2*q. Suppose -5*v + 0*z = -z - 14, -4*v - z + 4 = q. List the prime factors of v.
2
Suppose -3*w + 40 = -5*w. Let t = w + 34. What are the prime factors of t?
2, 7
List the prime factors of (-6)/9*3 + 37.
5, 7
Let t = 10 - 5. Let n = 3 + -1. List the prime factors of n/t*120/4.
2, 3
Let k(z) = -44*z - 4. What are the prime factors of k(-4)?
2, 43
Let q be 170/8 - 2/8. Let l = q - 7. List the prime factors of l.
2, 7
Suppose -5*s = 2*l + 35, 4*s - 44 = 3*l + 66. Suppose -84 = b + b. Let d = l - b. List the prime factors of d.
2, 3
Let a(g) = -g**3 + 5*g**2 + g + 1. Let b be 2*1 + 20/5. Let v be 28/6 - (-2)/b. What are the prime factors of a(v)?
2, 3
Suppose -2 = h - 7. Suppose 5*i - 2*m + 91 = 0, h*i + 4*m = m - 101. Let l = -2 - i. List the prime factors of l.
17
Let t be -3*2 - -2 - 1. Let z(j) = -j**3 - 5*j**2 + 1. Let a be z(t). List the prime factors of 0/a + (-2 - -10).
2
Let y = -10 - -4. Let l be (2/y)/((-1)/12). Suppose l*p - k = 75, 3*k - 99 = -5*p + 6*k. List the prime factors of p.
2, 3
Let p(m) = m**2 + 4*m - 4. Let q be 28/(-5) + (-6)/15. Let s be p(q). What are the prime factors of (-4)/(s/(-6)) + 1?
2
Let c be (-6)/(-1)*2/6. Let g(i) = 3*i**2 - 2 + 7*i**c - i - 3*i**3 + 4*i**3. What are the prime factors of g(-10)?
2
Suppose q - 5 + 2 = 0. Suppose 0 = -q*v - y + 37, -4*v + y + 41 = -v. List the prime factors of v.
13
Let d be ((-9)/15)/(1/(-5)). Suppose -12 = -d*h + 30. List the prime factors of (-8)/28 - (-158)/h.
11
Let s be 3 + 0 - (1 + -16). Let u = s + 0. List the prime factors of u.
2, 3
Let d(a) be the second derivative of -a**4/12 - 2*a**3 - 5*a**2 + 3*a. What are the prime factors of d(-10)?
2, 5
Suppose 0 = -q + 3, -2*q + 5*q = -2*j + 19. Suppose j*f + 2*k = 61, -f + 10 + 7 = -2*k. What are the prime factors of f?
13
Let x = 96 + -37. List the prime factors of x.
59
Let z(c) be the first derivative of c**4/4 - 4*c**3/3 - c**2/2 + 4*c + 5. Let n be z(4). Suppose 2*t - 29 = -n*t + x, -x = -5. What are the prime factors of t?
17
Let c be (-8)/(-4)*(1 + 1). Let h = -2 + c. List the prime factors of 1/h - 34/(-4).
3
Let u = -70 + 46. Let q = 42 + u. What are the prime factors of q?
2, 3
Let s = 47 + -36. List the prime factors of s.
11
Let c(d) = d**3 - 6*d**2 - 7*d + 8. Let y be c(7). Let g = 16 - y. List the prime factors of g.
2
Let d(j) = -4*j - 38. List the prime factors of d(-19).
2, 19
Let o(r) = r**2 - 6*r + 2. Let s(n) = -2*n - 12. Let a be s(-9). Let q be o(a). Suppose x - 4*b = 14, -32 = -7*x + q*x + b. What are the prime factors of x?
2, 3
Suppose 5*s - 42 = 4*w, -5*s - w + 30 - 3 = 0. List the prime factors of s.
2, 3
Let y(o) = o**2 - 7*o - 6. Let u be y(8). Suppose -6*t = -u*t - 24. Let q(l) = l - 3. List the prime factors of q(t).
3
Let u be ((-28)/35)/(2/10). Suppose 15 = 3*r - 3*s + 4*s, -s = 3. Let t = r + u. List the prime factors of t.
2
Let z(b) = -10*b - 1. Let t be z(-4). Let o = t - 15. What are the prime factors of o?
2, 3
Let z(y) be the first derivative of 2*y**3/3 - y**2 - 2*y - 2. Let f be z(2). Suppose -f*v = 2*v - 28. What are the prime factors of v?
7
Let x(v) = -v**2 + 21*v - 15. List the prime factors of x(18).
3, 13
Suppose 3*t - 10 = -1. Suppose 10 = t*u - u. Suppose 0 = -0*s - s + u. List the prime factors of s.
5
Suppose -4*v + 101 = -119. What are the prime factors of v?
5, 11
Let g = 4 - 1. Let u = 10 + -2. Suppose -u*o = -g*o - 25. What are the prime factors of o?
5
Let z be 12/2*2/4. Let c = -2 + z. Let n = 4 - c. List the prime factors of n.
3
Let o = -97 - -194. List the prime factors of o.
97
Let r = 29 + 3. What are the prime factors of r?
2
Suppose -14 + 4 = -2*d. Suppose -u = d*m - 287, -5*m + 3*u = -296 + 17. What are the prime factors of m?
3, 19
List the prime factors of 117/6 + (-4)/(-8).
2, 5
Suppose 5*z = 2*g + 7, -3*z + 4*g = 3*g - 5. Suppose 0 = -u - 0*u + z. What are the prime factors of u?
3
Let t(z) = z + 12. Let p be t(-12). Suppose -4*h - 45 = -3*w, p*h = -w + 5*h + 26. What are the prime factors of w?
11
What are the prime factors of (-789)/(-9) - (-4)/(-6)?
3, 29
Let z = 63 - 37. Suppose z = u - 0*u. Suppose -3*y = -y - u. What are the prime factors of y?
13
Suppose -9 = i - 1. Let r = i - -15. List the prime factors of r.
7
Let z(v) = v**3 + 4*v**2 + 2*v - 2. Let j be z(-3). Suppose -13*u + 30 = -16*u. What are the prime factors of (-58)/u - j/(-5)?
2, 3
Let f(h) = -4*h - 11. List the prime factors of f(-7).
17
Let l(g) = 2*g**2 + 2*g - 1. Let v be l(1). Let j(b) = b - 1. Let h be j(v). Suppose h*a - 4 = a. List the prime factors of a.
2
Suppose 5*u - 14 = 126. Suppose 4*l + 6 = s + 49, 0 = 4*l + 4*s - u. What are the prime factors of l?
2, 5
Suppose -5*y + 255 = -0*y. List the prime factors of y.
3, 17
Let j(c) = c**2 - c + 0*c - 2 + 6. Let y be j(0). Suppose -4*u - y*g = -0*g - 28, 14 = 2*u - 2*g. List the prime factors of u.
7
Suppose 9 = 3*i - 6. Suppose 3*a = 17 - i. What are the prime factors of a?
2
Suppose 5*d = -4*b + 42, 7*d - 2*d - b - 52 = 0. Suppose 59 = 5*a + l, a - 2*l + d = 2*a. List the prime factors of a.
2, 3
Let l = 131 + -72. List the